at is 5a37 - 211?
5826
In base 2, what is 100 - -1001001101111110?
1001001110000010
In base 3, what is 12 + 102021212101?
102021212120
In base 7, what is -4 - -63554?
63550
In base 10, what is 5227 + 24?
5251
In base 16, what is 1210 + -1d?
11f3
In base 14, what is -5 - 1b47c?
-1b483
In base 7, what is -453 + -243?
-1026
In base 8, what is 1627 + -177?
1430
In base 3, what is -102110 + 1012?
-101021
In base 9, what is 5 + -254163?
-254157
In base 13, what is 3c89 - 4?
3c85
In base 8, what is 21027 - 0?
21027
In base 9, what is -4 + 36627?
36623
In base 3, what is 211020 + 10102021?
11020111
In base 9, what is -51566 + -2?
-51568
In base 9, what is -205710 - 5?
-205715
In base 6, what is -20 - -3042400?
3042340
In base 12, what is 1 - 9635?
-9634
In base 5, what is 4 + -210231111?
-210231102
In base 4, what is 122321 - 13?
122302
In base 11, what is -3153a - -38?
-31502
In base 4, what is -1 + -21231311?
-21231312
In base 9, what is -152 - 5487?
-5650
In base 7, what is -203055 + 1?
-203054
In base 3, what is 1112222021202 - 20?
1112222021112
In base 11, what is -18 - 125191?
-1251a9
In base 16, what is -49 - 63c?
-685
In base 5, what is -201110 - 111?
-201221
In base 11, what is 172 - 2090?
-1a19
In base 3, what is 122220 + -2202120?
-2002200
In base 9, what is 20324 + 3?
20327
In base 7, what is -63226 + 1?
-63225
In base 6, what is -4 - 10012545?
-10012553
In base 4, what is 22310 - -10110?
33020
In base 7, what is -2445 - 10?
-2455
In base 13, what is -1 + -48aa5?
-48aa6
In base 15, what is 6dd968 + 5?
6dd96d
In base 3, what is 2000102012000 + 12?
2000102012012
In base 4, what is -2200113313 + 0?
-2200113313
In base 13, what is -4 - 145254?
-145258
In base 5, what is -1020224 + -31?
-1020310
In base 11, what is -4 + -65972?
-65976
In base 2, what is 11000010 + -10101011?
10111
In base 7, what is 33 + 22135?
22201
In base 8, what is 3571 - 247?
3322
In base 11, what is -2 + -66a00?
-66a02
In base 6, what is 4 + 22043?
22051
In base 2, what is -10100010001001 + -110?
-10100010001111
In base 11, what is -259 - -463?
205
In base 5, what is 334 + 312244?
313133
In base 16, what is 4eea0 - -2?
4eea2
In base 15, what is -bb3 + e?
-ba4
In base 4, what is -1 - 13103333?
-13110000
In base 11, what is -16 - -10007?
aaa1
In base 16, what is 5c + fd?
159
In base 9, what is -17 + 182855?
182837
In base 3, what is -122021212 - 2?
-122021221
In base 6, what is -1 - 542111?
-542112
In base 16, what is -6 + -13e?
-144
In base 9, what is -315000 - -3?
-314886
In base 12, what is 4bb662 + 4?
4bb666
In base 10, what is 45827 + 32?
45859
In base 11, what is -581 - -4a28?
4457
In base 5, what is -2044010 - 43?
-2044103
In base 10, what is -839 + 275?
-564
In base 5, what is 1202124034 - -10?
1202124044
In base 12, what is 8 + -6785?
-6779
In base 6, what is 131021 - 5?
131012
In base 11, what is 3 - -275970?
275973
In base 3, what is 11200 + -11100?
100
In base 8, what is 15 - 54165?
-54150
In base 10, what is -41 + 2?
-39
In base 13, what is -4 - 905a?
-9061
In base 6, what is -12302 + 203?
-12055
In base 2, what is -10 - 10100100101110?
-10100100110000
In base 5, what is -132431 - -11?
-132420
In base 16, what is 1 - 3ef6?
-3ef5
In base 11, what is -195 + 111?
-84
In base 7, what is -4146 - 53?
-4232
In base 12, what is 2 + -78a5?
-78a3
In base 2, what is -1001101000 + 1101011?
-111111101
In base 4, what is -10322010331 + 1?
-10322010330
In base 16, what is -39d + 32?
-36b
In base 8, what is 5 + 34360?
34365
In base 3, what is -100 - -1002011022?
1002010222
In base 6, what is -150 - -231?
41
In base 9, what is -2 - 601?
-603
In base 6, what is 4242 - 153?
4045
In base 8, what is 62627 + 12?
62641
In base 14, what is 1452 - -11?
1463
In base 15, what is a5 + -42?
63
In base 8, what is 1232 - -126?
1360
In base 13, what is -186 + b6a?
9b4
In base 8, what is 4764 - 73?
4671
In base 14, what is 2442 + -1?
2441
In base 7, what is 0 + -503443?
-503443
In base 7, what is 1223616 + 2?
1223621
In base 8, what is -30223 + -316?
-30541
In base 14, what is 32 + 11c?
150
In base 7, what is -4425524 + 2?
-4425522
In base 2, what is -100 - -100010011001?
100010010101
In base 7, what is 6 + 3644?
3653
In base 5, what is -112 - -430014?
424402
In base 16, what is -4bcd0 + -2?
-4bcd2
In base 3, what is -211011212 - 10?
-211011222
In base 2, what is 10000011110100 - -1010000?
10000101000100
In base 12, what is 2 + b923?
b925
In base 10, what is -20771 - -1?
-20770
In base 10, what is 16 - -52394?
52410
In base 2, what is -100 - 1010011111101111001?
-1010011111101111101
In base 14, what is 3cb3 + 1?
3cb4
In base 6, what is -1143335 - -14?
-1143321
In base 7, what is -12046 - 60?
-12136
In base 7, what is 4 + -161443?
-161436
In base 7, what is 64 + -663?
-566
In base 11, what is 15 - 143818?
-143803
In base 11, what is -29769 - 18?
-29786
In base 12, what is 566 - 167?
3bb
In base 8, what is 4 - 1542575?
-1542571
In base 2, what is 1111 - -110010011101?
110010101100
In base 15, what is ba7 - -37?
bde
In base 4, what is 2 - -32230?
32232
In base 2, what is 10100010011 + -1110111010?
101011001
In base 14, what is -43 + bdd?
b9a
In base 3, what is 11 - 1000121211?
-1000121200
In base 13, what is -910b + -a?
-9118
In base 9, what is -5 + -315036?
-315042
In base 6, what is -1021 - -1204?
143
In base 15, what is -55a9 + 2?
-55a7
In base 4, what is 20321133030 + -2?
20321133022
In base 7, what is 66 - -315?
414
In base 2, what is -111011101101111 + 10001?
-111011101011110
In base 13, what is c - -100a8?
100b7
In base 5, what is 244233 + 13?
244301
In base 2, what is 1100110 - 100011?
1000011
In base 6, what is -4 - 300341?
-300345
In base 12, what is 3041 - -493?
3514
In base 16, what is 124d3 + 1?
124d4
In base 5, what is -223430 + 1021?
-222404
In base 2, what is -1110001100011111 + -101?
-1110001100100100
In base 4, what is 102132 - -1313?
110111
In base 16, what is 3 - -9d31a?
9d31d
In base 2, what is 101 + 101110100011?
101110101000
In base 10, what is -706 - -8?
-698
In base 11, what is a - 61a2?
-6193
In base 8, what is 30 - -46411?
46441
In base 6, what is 1520032 - -3?
1520035
In base 3, what is -11 + 212120012?
212120001
In base 15, what is e39e + -1?
e39d
In base 10, what is -4 + 166?
162
In base 7, what is 5 + -1624263?
-1624255
In base 6, what is -11 - 401044?
-401055
In base 16, what is 105 + 28af?
29b4
In base 15, what is -5133d - 2?
-51340
In base 2, what is -10011010111 + -1111011?
-10101010010
In base 9, what is 1101 + 1332?
2433
In base 13, what is -363 - 44c?
-7b2
In base 9, what is -28 + -581200?
-581228
In base 14, what is 3 + -274d?
-274a
In base 9, what is 4 - -2415131?
2415135
In base 2, what is 101000000011110 - -10?
101000000100000
In base 5, what is -11 - 10202?
-10213
In base 14, what is 52d + c?
53b
In base 3, what is 10200102221 + 12?
10200110010
In base 6, what is 111352 - -5?
111401
In base 12, what is 512a - -29?
5157
In base 6, what is -13 + 3213022?
3213005
In base 8, what is 5 + -266052?
-266045
In base 11, what is -4 + 1a964?
1a960
In base 4, what is -1011123 + -1032?
-1012221
In base 6, what is -120 + -4442?
-5002
In base 9, what is -2 - 851248?
-851251
In base 13, what is 39 + -1276?
-123a
In base 13, what is 27 + 459?
483
In base 9, what is -74 - 403?
-477
In base 12, what is 0 - 42803?
-42803
In base 2, what is -1010 - 10110111101101011?
-10110111101110101
In base 11, what is -a + 587?
578
In base 7, what is 301 - -20655?
21256
In base 6, what is 10520235 + 0?
10520235
In base 16, what is -5 + -2322?
-2327
In base 4, what is -1 + 13021233?
13021232
In base 6, what is -10135121 - -1?
-10135120
In base 12, what is 4861 - -6?
4867
In base 14, what is 9 + 86c3?
86cc
In base 11, what is 111 + 1027?
1138
In base 7, what is -6 + -40625?
-40634
In base 15, what is -2abe + c9?
-29e5
In base 2, what is 1110000101011000110 - 1?
1110000101011000101
In base 5, what is -10102 + 333?
-4214
In base 12, what is -3 + -2874?
-2877
In base 10, what is -2539 - -6?
-2533
In base 5, what is 1133 - -11043?
12231
In base 15, what is 13de - -a?
13e9
In base 8, what is -161 - -7432?
7251
In base 7, what is 1054 + -2652?
-1565
In base 9, what is -152 - -261?
108
In base 12, what is -5 + -1bab19?
-1bab22
In base 12, what is 3 + 5b5b1?
5b5b4
In base 13, what is 2 + 1705